it of 96168076?
1
What is the hundreds digit of 321952860?
8
What is the ten thousands digit of 1468479529?
7
What is the tens digit of 148012261?
6
What is the billions digit of 2545277177?
2
What is the ten thousands digit of 2128943998?
4
What is the hundred thousands digit of 41036660?
0
What is the units digit of 394736110?
0
What is the hundred millions digit of 1242936001?
2
What is the tens digit of 774426351?
5
What is the units digit of 61137522?
2
What is the units digit of 33802955?
5
What is the hundred thousands digit of 183335323?
3
What is the hundreds digit of 105412631?
6
What is the units digit of 78598248?
8
What is the thousands digit of 52093933?
3
What is the hundreds digit of 187667?
6
What is the units digit of 8753141?
1
What is the ten millions digit of 217552503?
1
What is the units digit of 82513948?
8
What is the hundreds digit of 26364220?
2
What is the units digit of 23641142?
2
What is the hundred thousands digit of 1786500763?
5
What is the millions digit of 43290867?
3
What is the units digit of 2298309922?
2
What is the hundred millions digit of 2567347571?
5
What is the units digit of 106631240?
0
What is the units digit of 617445591?
1
What is the ten millions digit of 328801729?
2
What is the hundred millions digit of 371595563?
3
What is the hundred millions digit of 205258398?
2
What is the hundred thousands digit of 86511901?
5
What is the tens digit of 1865947661?
6
What is the thousands digit of 630801008?
1
What is the millions digit of 778873042?
8
What is the millions digit of 5005684350?
5
What is the ten thousands digit of 112103607?
0
What is the hundreds digit of 147438752?
7
What is the hundreds digit of 65440258?
2
What is the hundred millions digit of 222134230?
2
What is the hundred millions digit of 140570953?
1
What is the thousands digit of 496549861?
9
What is the millions digit of 14988949?
4
What is the hundred thousands digit of 38359129?
3
What is the hundred millions digit of 852548119?
8
What is the tens digit of 116525085?
8
What is the tens digit of 102784710?
1
What is the hundred thousands digit of 5257832040?
8
What is the hundred thousands digit of 597408039?
4
What is the hundreds digit of 11920340?
3
What is the units digit of 240621882?
2
What is the hundred thousands digit of 445019141?
0
What is the ten thousands digit of 188144?
8
What is the units digit of 9474943?
3
What is the millions digit of 1182338772?
2
What is the hundred thousands digit of 43407968?
4
What is the hundred millions digit of 1357700228?
3
What is the hundred millions digit of 848246345?
8
What is the tens digit of 535724392?
9
What is the hundreds digit of 14833645?
6
What is the hundreds digit of 24810832?
8
What is the tens digit of 5245958679?
7
What is the units digit of 214586381?
1
What is the hundred thousands digit of 309438340?
4
What is the ten thousands digit of 1022834930?
3
What is the hundred millions digit of 3664991932?
6
What is the hundred thousands digit of 54032330?
0
What is the hundred thousands digit of 119647023?
6
What is the units digit of 30274916?
6
What is the millions digit of 142607745?
2
What is the hundreds digit of 108022074?
0
What is the tens digit of 5693669365?
6
What is the tens digit of 786170095?
9
What is the thousands digit of 37391273?
1
What is the ten millions digit of 349513475?
4
What is the hundred thousands digit of 3228455124?
4
What is the thousands digit of 121393354?
3
What is the millions digit of 1739543705?
9
What is the ten millions digit of 322887343?
2
What is the hundred millions digit of 1023177248?
0
What is the tens digit of 848336731?
3
What is the thousands digit of 25162046?
2
What is the millions digit of 178146728?
8
What is the millions digit of 269786293?
9
What is the thousands digit of 1526628567?
8
What is the tens digit of 143737464?
6
What is the tens digit of 2449204113?
1
What is the units digit of 88093144?
4
What is the hundred millions digit of 265897977?
2
What is the ten millions digit of 273546398?
7
What is the ten thousands digit of 1266413769?
1
What is the millions digit of 41408925?
1
What is the hundreds digit of 33775502?
5
What is the tens digit of 74518340?
4
What is the thousands digit of 440856461?
6
What is the ten thousands digit of 949132222?
3
What is the hundred thousands digit of 103978363?
9
What is the thousands digit of 274552502?
2
What is the ten millions digit of 46766323?
4
What is the ten thousands digit of 919304511?
0
What is the hundred millions digit of 1002102262?
0
What is the thousands digit of 1119630099?
0
What is the billions digit of 5892030477?
5
What is the tens digit of 899869686?
8
What is the units digit of 148859915?
5
What is the hundred millions digit of 6361207541?
3
What is the thousands digit of 1321083006?
3
What is the thousands digit of 717147312?
7
What is the ten millions digit of 35611638?
3
What is the millions digit of 13090508?
3
What is the thousands digit of 4091739487?
9
What is the tens digit of 189387185?
8
What is the hundreds digit of 567313950?
9
What is the tens digit of 30991278?
7
What is the hundreds digit of 214060875?
8
What is the ten millions digit of 169805357?
6
What is the ten millions digit of 868555136?
6
What is the hundreds digit of 68012046?
0
What is the hundred thousands digit of 442654772?
6
What is the units digit of 90102416?
6
What is the millions digit of 40743191?
0
What is the hundred thousands digit of 446763365?
7
What is the ten thousands digit of 2440723072?
2
What is the millions digit of 4510005697?
0
What is the millions digit of 390271462?
0
What is the ten thousands digit of 53576583?
7
What is the millions digit of 46452577?
6
What is the tens digit of 13835239?
3
What is the thousands digit of 1393857480?
7
What is the hundred thousands digit of 46268956?
2
What is the hundred millions digit of 138038262?
1
What is the hundreds digit of 101177987?
9
What is the tens digit of 350037169?
6
What is the hundred millions digit of 751820499?
7
What is the tens digit of 3160684104?
0
What is the units digit of 2482429241?
1
What is the ten thousands digit of 34728060?
2
What is the hundred millions digit of 166369820?
1
What is the units digit of 39403356?
6
What is the units digit of 144347470?
0
What is the hundreds digit of 180285384?
3
What is the hundreds digit of 6608774?
7
What is the hundreds digit of 65405079?
0
What is the millions digit of 51024630?
1
What is the ten thousands digit of 33297946?
9
What is the thousands digit of 733012604?
2
What is the units digit of 1730030649?
9
What is the millions digit of 428343972?
8
What is the hundred millions digit of 101203384?
1
What is the billions digit of 2188307888?
2
What is the units digit of 223111663?
3
What is the ten millions digit of 5927442762?
2
What is the millions digit of 464859664?
4
What is the thousands digit of 384688688?
8
What is the hundred millions digit of 268811183?
2
What is the hundred thousands digit of 63780571?
7
What is the thousands digit of 2748219471?
9
What is the units digit of 236341368?
8
What is the ten thousands digit of 79059815?
5
What is the hundred millions digit of 107991601?
1
What is the ten thousands digit of 27548036?
4
What is the tens digit of 3825889?
8
What is the billions digit of 1036209519?
1
What is the hundreds digit of 274947331?
3
What is the tens digit of 3075537413?
1
What is the hundreds digit of 315127729?
7
What is the hundred thousands digit of 449227690?
2
What is the hundreds digit of 42272169?
1
What is the billions digit of 4501300938?
4
What is the tens digit of 1880264065?
6
What is the millions digit of 1075264402?
5
What is the millions digit of 251435370?
1
What is the hundreds digit of 89738420?
4
What is the tens digit of 1453532090?
9
What is the tens digit of 1094828807?
0
What is the hundreds digit of 143405095?
0
What is the ten millions digit of 382035976?
8
What is the billions digit of 2433922955?
2
What is the ten thousands digit of 649562758?
6
What is the millions digit of 88218857?
8
What is the hundred thousands digit of 6742532568?
5
What is the ten thousands digit of 207030762?
3
What is the millions digit of 77781831?
7
What is the hundreds digit of 256996681?
6
What is